emainder when 913 is divided by 910?
3
Calculate the remainder when 204790 is divided by 214.
206
What is the remainder when 263407 is divided by 35?
32
Calculate the remainder when 12539 is divided by 1151.
1029
What is the remainder when 94613 is divided by 26?
25
Calculate the remainder when 3033 is divided by 159.
12
Calculate the remainder when 11421 is divided by 284.
61
Calculate the remainder when 313993 is divided by 15.
13
What is the remainder when 12144 is divided by 44?
0
Calculate the remainder when 234718 is divided by 489.
487
What is the remainder when 5864 is divided by 88?
56
What is the remainder when 4464 is divided by 242?
108
What is the remainder when 69444 is divided by 281?
37
Calculate the remainder when 11924 is divided by 46.
10
Calculate the remainder when 1721 is divided by 134.
113
Calculate the remainder when 1459654 is divided by 88.
86
What is the remainder when 139331 is divided by 128?
67
Calculate the remainder when 65696 is divided by 1011.
992
What is the remainder when 655654 is divided by 49?
34
What is the remainder when 25847 is divided by 1606?
151
Calculate the remainder when 150245 is divided by 87.
83
Calculate the remainder when 8587 is divided by 2839.
70
Calculate the remainder when 10627 is divided by 75.
52
What is the remainder when 240927 is divided by 559?
557
What is the remainder when 64077 is divided by 2464?
13
Calculate the remainder when 326622 is divided by 203.
198
Calculate the remainder when 68802 is divided by 4043.
71
Calculate the remainder when 4270 is divided by 529.
38
Calculate the remainder when 65266 is divided by 65262.
4
What is the remainder when 6365 is divided by 2091?
92
Calculate the remainder when 1402 is divided by 119.
93
Calculate the remainder when 186769 is divided by 38.
37
Calculate the remainder when 70549 is divided by 4695.
124
What is the remainder when 26400 is divided by 215?
170
Calculate the remainder when 8295 is divided by 17.
16
Calculate the remainder when 255762 is divided by 15984.
18
Calculate the remainder when 1123 is divided by 23.
19
Calculate the remainder when 1349340 is divided by 9.
6
Calculate the remainder when 7354 is divided by 388.
370
What is the remainder when 558 is divided by 180?
18
Calculate the remainder when 4089 is divided by 1020.
9
Calculate the remainder when 10241 is divided by 466.
455
Calculate the remainder when 48290 is divided by 24136.
18
What is the remainder when 1610668 is divided by 1590?
1588
What is the remainder when 467141 is divided by 106?
105
What is the remainder when 5224 is divided by 34?
22
What is the remainder when 439978 is divided by 20?
18
What is the remainder when 145364 is divided by 55?
54
What is the remainder when 9438 is divided by 1556?
102
What is the remainder when 208857 is divided by 15?
12
Calculate the remainder when 11807 is divided by 11717.
90
Calculate the remainder when 4653749 is divided by 107.
105
What is the remainder when 1554 is divided by 176?
146
Calculate the remainder when 285437 is divided by 82.
77
Calculate the remainder when 15413 is divided by 122.
41
Calculate the remainder when 14653 is divided by 4875.
28
Calculate the remainder when 5076 is divided by 1554.
414
What is the remainder when 9763 is divided by 4831?
101
Calculate the remainder when 33836 is divided by 2819.
8
What is the remainder when 10485 is divided by 810?
765
What is the remainder when 11525 is divided by 1646?
3
Calculate the remainder when 25374 is divided by 18.
12
What is the remainder when 701229 is divided by 323?
319
What is the remainder when 4628 is divided by 1141?
64
What is the remainder when 10477 is divided by 3479?
40
Calculate the remainder when 494669 is divided by 5.
4
Calculate the remainder when 552 is divided by 165.
57
What is the remainder when 3690 is divided by 92?
10
Calculate the remainder when 30868 is divided by 10242.
142
What is the remainder when 2554878 is divided by 256?
254
Calculate the remainder when 140745 is divided by 39.
33
Calculate the remainder when 19401 is divided by 2425.
1
Calculate the remainder when 536393 is divided by 115.
33
What is the remainder when 13804 is divided by 690?
4
Calculate the remainder when 1102345 is divided by 1247.
1244
What is the remainder when 205883 is divided by 258?
257
Calculate the remainder when 3668 is divided by 108.
104
Calculate the remainder when 231941 is divided by 5.
1
Calculate the remainder when 3364 is divided by 82.
2
What is the remainder when 429736 is divided by 302?
292
What is the remainder when 325751 is divided by 588?
587
What is the remainder when 3333 is divided by 7?
1
What is the remainder when 25632 is divided by 5110?
82
Calculate the remainder when 46765 is divided by 296.
293
What is the remainder when 114439 is divided by 20?
19
Calculate the remainder when 25269 is divided by 2526.
9
What is the remainder when 10616 is divided by 38?
14
What is the remainder when 1801 is divided by 391?
237
Calculate the remainder when 82021 is divided by 54.
49
What is the remainder when 13550 is divided by 714?
698
Calculate the remainder when 4176015 is divided by 11.
8
Calculate the remainder when 154946 is divided by 79.
27
Calculate the remainder when 3051 is divided by 71.
69
Calculate the remainder when 18725 is divided by 211.
157
What is the remainder when 330543 is divided by 115?
33
What is the remainder when 1411 is divided by 456?
43
What is the remainder when 56274 is divided by 11224?
154
What is the remainder when 5691 is divided by 36?
3
What is the remainder when 198901 is divided by 16573?
25
Calculate the remainder when 3723 is divided by 314.
269
What is the remainder when 1214265 is divided by 461?
452
What is the remainder when 3245 is divided by 1121?
1003
What is the remainder when 17824 is divided by 5871?
211
Calculate the remainder when 7622 is divided by 1892.
54
Calculate the remainder when 81642 is divided by 4.
2
Calculate the remainder when 2306438 is divided by 40.
38
Calculate the remainder when 2032 is divided by 310.
172
Calculate the remainder when 176998 is divided by 843.
811
Calculate the remainder when 90707 is divided by 1163.
1156
Calculate the remainder when 110075 is divided by 60.
35
Calculate the remainder when 14088 is divided by 125.
88
Calculate the remainder when 981155 is divided by 8.
3
What is the remainder when 3611 is divided by 824?
315
What is the remainder when 40488 is divided by 297?
96
Calculate the remainder when 2367 is divided by 258.
45
What is the remainder when 2635 is divided by 11?
6
Calculate the remainder when 6885 is divided by 133.
102
What is the remainder when 300831 is divided by 136?
135
What is the remainder when 13477 is divided by 275?
2
What is the remainder when 21761 is divided by 35?
26
Calculate the remainder when 31201 is divided by 10299.
304
What is the remainder when 1868 is divided by 89?
88
Calculate the remainder when 302236 is divided by 32.
28
What is the remainder when 1695 is divided by 558?
21
What is the remainder when 416000 is divided by 46221?
11
Calculate the remainder when 33046 is divided by 68.
66
Calculate the remainder when 661 is divided by 49.
24
Calculate the remainder when 11696 is divided by 65.
61
What is the remainder when 3770 is divided by 1709?
352
Calculate the remainder when 388166 is divided by 45.
41
What is the remainder when 7614 is divided by 289?
100
What is the remainder when 3124 is divided by 2758?
366
What is the remainder when 2672 is divided by 2667?
5
What is the remainder when 2706 is divided by 775?
381
What is the remainder when 5044 is divided by 232?
172
Calculate the remainder when 36953 is divided by 697.
12
Calculate the remainder when 11005 is divided by 105.
85
What is the remainder when 38662 is divided by 232?
150
What is the remainder when 14792 is divided by 296?
288
What is the remainder when 28016 is divided by 315?
296
Calculate the remainder when 587 is divided by 197.
193
Calculate the remainder when 8665 is divided by 394.
391
Calculate the remainder when 53199 is divided by 8866.
3
Calculate the remainder when 81770 is divided by 492.
98
What is the remainder when 24058 is divided by 256?
250
Calculate the remainder when 59422 is divi